**2. Let v = -37 + 40. Determine r(v).
-3
Suppose -153*j + 148*j = -40. Let a(y) = 2*y - 12. What is a(j)?
4
Suppose 11 = 4*b + m, -b + 4*m - 22 = -29. Let j(z) = 6*z**2 - 3*z + 3. Determine j(b).
48
Let q(v) = -5*v - 10*v + 27*v - 2*v + 0*v. Determine q(-2).
-20
Let t(i) = 1688*i**2 - 3391*i**2 + 1697*i**2 - i**3 + 5 - 2*i. Let d be (-4 - -2)*10/4. Determine t(d).
-10
Let n = 11 + -5. Let f = n - 8. Let o(a) = -a - 14. Let y(p) = 7. Let g(s) = f*o(s) - 5*y(s). Give g(5).
3
Let b(z) be the first derivative of 2*z**2 + 10*z + 1. Let r be ((-12)/4 - -1)/(4/14). Determine b(r).
-18
Suppose 0 = -4*r + 17 - 5. Let g(w) = 2*w**2 - 2*w. Calculate g(r).
12
Let s(c) = -c**3 + 5*c**2 - 5*c + 2. Suppose -x = 4*u - 13, 3*u - 5*x + 23 = 2*u. Let z be u/(-6) + 52/12. Let h = z + -1. Give s(h).
5
Let j(m) be the second derivative of -m**4/4 - m**3 - 3*m**2/2 - 36*m. Determine j(-3).
-12
Suppose 0 = 4*h + 4*s - 28, h - 3*s - 5 = -2. Suppose 0 = 2*i - 5*c + h, -c - 12 = 2*i + 2*i. Let u(d) = -d**3 - d**2 + 2*d - 3. Give u(i).
9
Let g(v) = v**3 + v**2 + v - 13. Suppose 3 + 6 = -5*c + 3*o, 2*o = 5*c + 11. Let q be 6/12*0/c. Calculate g(q).
-13
Let s(i) be the second derivative of i**3/6 - i**2/2 + i. Let t(f) = -f**2 - 13*f + 4. Let b be t(-13). Suppose -2*x + 0 = -2*p - 6, b*x + 2 = -3*p. Give s(x).
0
Let l(x) = -1. Let d(f) = 4. Let p(r) = 2*d(r) + 9*l(r). Let g(m) = 2*m. Let j(i) = -g(i) + p(i). Calculate j(-4).
7
Let r(k) be the second derivative of 5/12*k**4 - 2/3*k**3 + 6*k + 2*k**2 + 0 + 1/20*k**5. Determine r(-6).
-8
Suppose -5*a = 15 + 5. Let d be 598/39*6/a. Let x = -26 - d. Let w(y) = -4*y - 1. Calculate w(x).
11
Let l(z) = -4 + 0 - 218*z**2 - 214*z**2 + 431*z**2 + 4*z. Determine l(9).
-49
Let i(z) = -z**3 - 2*z**2 - 7*z - 17. Let r(d) = d**3 + d**2 + 7*d + 19. Let c(b) = -5*i(b) - 4*r(b). What is c(-5)?
-1
Suppose 6*i - i - 20 = 0, -20 = -4*x - 2*i. Let v(q) = -4 - 2 - x + 10 + 2*q. Determine v(-4).
-7
Let l(h) = -h - 7. Suppose -4*r + 3 = -5. Suppose 5 + 7 = 5*u + r*y, u - 2*y = 0. Suppose -1 = -u*f - 7. Give l(f).
-4
Let u(j) = j**3 + 11*j**2 + 2*j + 10. Suppose -10 - 13 = k - 4*f, 2*k - 4*f + 34 = 0. Determine u(k).
-12
Let s(m) = 17*m**2 + 2*m - 2. Let h(p) = -21*p**2 + 3. Let k(a) = 4*h(a) + 5*s(a). Calculate k(-9).
-7
Let u(z) be the second derivative of -z**3/6 + 3*z**2/2 + 11*z. Let d = 7 - 3. Suppose -4*h - 5*t + 39 = 15, -5*t = -d*h + 24. Calculate u(h).
-3
Let f(w) = -2*w**3 + 28*w**2 + 7*w - 10. Let k(o) = o**3 - 15*o**2 - 4*o + 5. Let j(u) = 3*f(u) + 5*k(u). Give j(9).
4
Let r(u) = 20*u**3 + 2*u - 18*u**3 - 2*u**2 - u. What is r(2)?
10
Let n(l) = -50*l - 15. Let i(q) = -13*q. Let r(k) = 4*i(k) - n(k). Calculate r(4).
7
Let z be -1 + (-1)/(3/(-12)). Let x = -2 + z. Let h(v) = 2*v**2. Let s(a) = -5*a**2 + a. Let g(b) = 4*h(b) + s(b). Give g(x).
4
Let l(c) = 2*c - 4. Let k(y) = -1. Let v(q) = k(q) - l(q). Suppose -3*a + 4 = 16. Determine v(a).
11
Let l = -1295 - -1294. Let w(h) be the first derivative of 7*h**4/2 - h**3/3 - h**2/2 + 5. What is w(l)?
-14
Let u(f) = 2*f**3 + 2*f**2 + 7*f. Let s(d) = -5*d**3 - 2*d**2 - 21*d + 1. Let k(n) = 3*s(n) + 8*u(n). Calculate k(-11).
-41
Let g(h) = -3*h - 10. Let q be g(-4). Let n(x) = 6*x**q - 2*x**2 - 3*x**2 - 5 - 7*x + 0*x**2. Give n(6).
-11
Suppose l + 3*t - 9 = 0, -3*l + 2 + 12 = -4*t. Let v(c) = 2*c**2 - c + 1. Let n(i) = 3*i**2 + 2*i + 3. Let y(d) = n(d) - 2*v(d). Calculate y(l).
-11
Suppose 4 = -293*t + 295*t. Let m(y) = y**2 - 5*y + 5. What is m(t)?
-1
Suppose 5*c = 19*i - 22*i - 16, -2*i - 6 = c. Let n(l) be the third derivative of l**5/60 + l**4/12 + l**3/6 + l**2. Give n(i).
1
Let l(y) = -y**2 - 7*y - 1. Suppose -8 = 4*w + 2*h, 5*h + 11 = -4*w + 3*w. Let z = w + -4. What is l(z)?
9
Suppose 3*k = k - 8. Let x(w) = w**2 - w - 1. Let f(n) = -n**2 + 9*n + 8. Let p(o) = f(o) + 2*x(o). Give p(k).
-6
Let h(b) = 6 + 67*b**2 - 55*b**2 + 3*b - 13*b**2. Calculate h(3).
6
Let y = -10 + 10. Suppose y = -0*d - 2*d + 4. Let q(t) = 6*t**2 + 2*t - 3. Determine q(d).
25
Let o(u) = -10*u + 12*u - 15*u + 5. Let n(z) = -14*z - 3. Let j(l) = 7*l + 1. Let k(i) = 7*j(i) + 3*n(i). Let g(v) = 11*k(v) + 6*o(v). Calculate g(4).
4
Let d(s) = -2*s**2 - 7*s - 5. Let q be (-6)/4*(-272)/(-204). Determine d(q).
1
Let x(w) = 6*w**3 + 4*w**2 - 5*w + 4. Let f(n) = -5*n**3 - 3*n**2 + 4*n - 3. Let j(c) = -4*f(c) - 3*x(c). What is j(1)?
1
Let f(c) be the second derivative of c**5/20 + c**4/12 - 2*c**3/3 + 3*c**2/2 - c + 80. Suppose 4*j + 3*o = 23, -o = 4*j + o - 18. Calculate f(j).
7
Let t = 295 + -295. Let y(m) be the second derivative of m**4/12 - m**3/6 + 11*m**2/2 + 2*m. Give y(t).
11
Let s(u) = u + 7. Suppose -76 = z + 2*g, -g + 380 = -5*z - 3*g. Let n = 76 + z. Calculate s(n).
7
Let i(q) = 96*q**2 + 88*q**2 - 183*q**2. Suppose -4 - 8 = 2*o. Let a be (-11)/13 - o/(-39). Determine i(a).
1
Let v(n) be the third derivative of -n**4/24 + 13*n**3/3 - 88*n**2. Calculate v(0).
26
Let u(m) be the second derivative of -m**5/20 + 13*m**4/12 - m**2/2 + m + 197. Determine u(13).
-1
Let w(b) be the third derivative of 0*b + 7/60*b**5 - b**3 + 0 - 1/4*b**4 - 1/120*b**6 + 27*b**2. Determine w(6).
-6
Let j(z) be the second derivative of -z**6/360 - z**5/30 + 5*z**4/24 - z**3/2 - 11*z. Let n(t) be the second derivative of j(t). Determine n(-7).
-16
Let x(b) = 3*b**3 - 8*b**2 - 21*b - 7. Let v be x(-2). Let t(c) = -c**2 - 21*c + 4. Give t(v).
4
Let j(p) = -57*p - 12*p**3 + 1 + 33*p + 24*p. Calculate j(1).
-11
Let p(i) = 3*i**2 - 4*i + 2. Let y = 104 - 32. Let l be 54/y*(-8)/(-3). What is p(l)?
6
Let r(d) = -d - 4*d + 71 - 68 + 4*d. Suppose -m = -5*m - 4*i + 4, -m + i = -11. Calculate r(m).
-3
Let j(y) = -5*y**2 - 5*y**2 + 8*y**2 - y**2 - 5 - 6*y + 2*y**2. Suppose -3*m - 19 = -4. Calculate j(m).
0
Let r(z) = -z**2 + 5*z + 4. Suppose -3*u - s + 29 = -5*s, -s + 64 = 4*u. Let h = -9 + u. Determine r(h).
-2
Let y(a) be the first derivative of 2*a + 1. Let q(f) = -f + 18. Let l(z) = z**3 + 26*z**2 - 26*z + 45. Let p be l(-27). Let i(o) = p*y(o) - 2*q(o). Give i(-1).
-2
Let b = 21 - 20. Let a = b + 1. Let s(z) = 9*z + z**2 - 13*z + z**a - z**2. Calculate s(5).
5
Let a(k) be the second derivative of -11*k**3/6 - 432*k. What is a(-2)?
22
Suppose -2*u - 2 = l + 6, 0 = 3*l + 3*u + 9. Let t = 4 + l. Let a(i) = 2 + t*i - 3 + 4 + i. Determine a(-2).
-11
Let a(h) = -8*h + 3. Let n(v) = 3*v - 1. Let d(u) = 2*a(u) + 5*n(u). Give d(4).
-3
Let f(z) be the second derivative of -z**5/60 + z**4/6 - 13*z**2/2 - 14*z. Let m(r) be the first derivative of f(r). Calculate m(3).
3
Let b(r) = -53*r - 361. Let a be b(-7). Let i(x) = -2*x**3 - 6*x**2 - 6*x - 7. Let p(v) = -v**3 + v**2 + v - 1. Let k(w) = i(w) - 3*p(w). Determine k(a).
6
Let a(c) be the third derivative of c**6/120 + 7*c**5/60 + 7*c**4/24 + 4*c**3/3 - c**2 - 5. Give a(-6).
2
Suppose u = -0*u + t + 1, -u = -5*t + 7. Let q(l) = 2*l - 3*l - u + 0. Determine q(0).
-3
Suppose -4*r + 131 = 123. Let d(t) = -t + 6 - 21*t**r + 46*t**2 - t**3 - 20*t**2. Let s(q) = -q**3 + 6*q**2 + 7*q + 5. Let k be s(7). What is d(k)?
1
Let j(n) = n**3 - 6*n**2 + 4*n + 5. Let t(v) = 2*v - 1 - 4*v - 2*v + v. Let z be t(-2). Calculate j(z).
0
Let a(k) = -k**2 + 7*k. Let y(d) = 20*d - 35. Let n be y(2). What is a(n)?
10
Let x(f) = -124 + 112 - 41*f**2 + 42*f**2 + 9*f. Calculate x(-11).
10
Let l be ((6/3)/(-1))/(4/(-26)). Suppose 35 + l = 6*r. Let a(z) = -z + 11. Determine a(r).
3
Let h(o) = -307*o + 5. Let s(p) = 246*p - 5. Let m(f) = -4*h(f) - 5*s(f). Let v = -15 - -21. Calculate m(v).
-7
Let r(v) = v - 38. Let k be r(33). Let i(b) = 2*b**2 + 2*b - 10. Give i(k).
30
Let z(r) = -r - 1. Let n be (-451)/(-44) + 1/(-4). Suppose -2*c - 3*j = n, -3*j - 11 = 3*c - 2*c. Suppose 3*y = 3*a + 5 + c, 4*a = -y - 33. Calculate z(a).
6
Let j = -1390 - -1389. Let s(i) = -30*i - 5. Let o(q) = -6*q - 1. Let k(a) = -11*o(a) + 2*s(a). Give k(j).
-5
Let w(v) = -7*v + 11. Let x(p) = 10*p - 10. Let k(y) = -3*w(y) - 2*x(y). What is k(7)?
-6
Let n(l) = -l**2 - 2*l - 2. Suppose 8 = h + 3*a, h - 3 = -4*a + 9. Give n(h).
-10
Let y(q) = q**2 + 11*q - 11. Let u = -590 + 579. What is y(u)?
-11
Suppose 2*v + 4*q + 2 = 0, -16 + 1 = 5*q. Let y(s) = 1 - 1 + 3 - 4*s + s**2. Give y(v).
8
Let v(w) be the first derivative of w**3/3 + 6*w - 1. Suppose 30*l + 278 = 278. D